{"id":5187,"date":"2020-06-27T04:29:25","date_gmt":"2020-06-27T04:29:25","guid":{"rendered":"http:\/\/applestore.vn\/?page_id=5187"},"modified":"2020-07-06T16:46:45","modified_gmt":"2020-07-06T16:46:45","slug":"chinh-sach-doi-tra-hoan-tien","status":"publish","type":"page","link":"https:\/\/ben.com.vn\/tin-tuc\/chinh-sach-doi-tra-hoan-tien\/","title":{"rendered":"Ch\u00ednh s\u00e1ch \u0111\u1ed5i tr\u1ea3, ho\u00e0n ti\u1ec1n"},"content":{"rendered":"\t\t<div data-elementor-type=\"wp-page\" data-elementor-id=\"5187\" class=\"elementor elementor-5187\" data-elementor-settings=\"[]\">\n\t\t\t\t\t\t<div class=\"elementor-inner\">\n\t\t\t\t\t\t\t<div class=\"elementor-section-wrap\">\n\t\t\t\t\t\t\t<section class=\"elementor-section elementor-top-section elementor-element elementor-element-1e54290 elementor-section-height-min-height elementor-section-boxed elementor-section-height-default elementor-section-items-middle\" data-id=\"1e54290\" data-element_type=\"section\">\n\t\t\t\t\t\t<div class=\"elementor-container elementor-column-gap-default\">\n\t\t\t\t\t\t\t<div class=\"elementor-row\">\n\t\t\t\t\t<div class=\"elementor-column elementor-col-100 elementor-top-column elementor-element elementor-element-e77521c\" data-id=\"e77521c\" data-element_type=\"column\">\n\t\t\t<div class=\"elementor-column-wrap elementor-element-populated\">\n\t\t\t\t\t\t\t<div class=\"elementor-widget-wrap\">\n\t\t\t\t\t\t<div class=\"elementor-element elementor-element-74a98ce elementor-widget elementor-widget-heading\" data-id=\"74a98ce\" data-element_type=\"widget\" data-widget_type=\"heading.default\">\n\t\t\t\t<div class=\"elementor-widget-container\">\n\t\t\t<h1 class=\"elementor-heading-title elementor-size-default\">Ch\u00ednh s\u00e1ch \u0111\u1ed5i tr\u1ea3, ho\u00e0n ti\u1ec1n<\/h1>\t\t<\/div>\n\t\t\t\t<\/div>\n\t\t\t\t\t\t<\/div>\n\t\t\t\t\t<\/div>\n\t\t<\/div>\n\t\t\t\t\t\t\t\t<\/div>\n\t\t\t\t\t<\/div>\n\t\t<\/section>\n\t\t\t\t<section class=\"elementor-section elementor-top-section elementor-element elementor-element-be092f0 elementor-section-boxed elementor-section-height-default elementor-section-height-default\" data-id=\"be092f0\" data-element_type=\"section\">\n\t\t\t\t\t\t<div class=\"elementor-container elementor-column-gap-default\">\n\t\t\t\t\t\t\t<div class=\"elementor-row\">\n\t\t\t\t\t<div class=\"elementor-column elementor-col-100 elementor-top-column elementor-element elementor-element-73b5acc\" data-id=\"73b5acc\" data-element_type=\"column\">\n\t\t\t<div class=\"elementor-column-wrap elementor-element-populated\">\n\t\t\t\t\t\t\t<div class=\"elementor-widget-wrap\">\n\t\t\t\t\t\t<div class=\"elementor-element elementor-element-6dd331a elementor-widget elementor-widget-heading\" data-id=\"6dd331a\" data-element_type=\"widget\" data-widget_type=\"heading.default\">\n\t\t\t\t<div class=\"elementor-widget-container\">\n\t\t\t<h2 class=\"elementor-heading-title elementor-size-default\">C\u00c1C TR\u01af\u1edcNG H\u1ee2P BEN COMPUTER S\u1ebc TH\u1ef0C HI\u1ec6N \u0110\u1ed4I TR\u1ea2 H\u00c0NG<\/h2>\t\t<\/div>\n\t\t\t\t<\/div>\n\t\t\t\t<div class=\"elementor-element elementor-element-06691ce elementor-widget elementor-widget-accordion\" data-id=\"06691ce\" data-element_type=\"widget\" data-widget_type=\"accordion.default\">\n\t\t\t\t<div class=\"elementor-widget-container\">\n\t\t\t\t\t<div class=\"elementor-accordion\" role=\"tablist\">\n\t\t\t\t\t\t\t<div class=\"elementor-accordion-item\">\n\t\t\t\t\t<div id=\"elementor-tab-title-6721\" class=\"elementor-tab-title\" data-tab=\"1\" role=\"tab\" aria-controls=\"elementor-tab-content-6721\" aria-expanded=\"false\">\n\t\t\t\t\t\t\t\t\t\t\t\t\t<span class=\"elementor-accordion-icon elementor-accordion-icon-left\" aria-hidden=\"true\">\n\t\t\t\t\t\t\t\t\t\t\t\t\t\t\t<span class=\"elementor-accordion-icon-closed\"><i class=\"fas fa-plus\"><\/i><\/span>\n\t\t\t\t\t\t\t\t<span class=\"elementor-accordion-icon-opened\"><i class=\"fas fa-minus\"><\/i><\/span>\n\t\t\t\t\t\t\t\t\t\t\t\t\t\t<\/span>\n\t\t\t\t\t\t\t\t\t\t\t\t<a class=\"elementor-accordion-title\" href=\"\">S\u1ea3n ph\u1ea9m BEN giao kh\u00f4ng \u0111\u00fang \u0111\u01a1n \u0111\u1eb7t h\u00e0ng<\/a>\n\t\t\t\t\t<\/div>\n\t\t\t\t\t<div id=\"elementor-tab-content-6721\" class=\"elementor-tab-content elementor-clearfix\" data-tab=\"1\" role=\"tabpanel\" aria-labelledby=\"elementor-tab-title-6721\"><p>B\u1ea1n ngh\u0129 r\u1eb1ng s\u1ea3n ph\u1ea9m giao cho b\u1ea1n kh\u00f4ng \u0111\u00fang v\u1edbi \u0111\u01a1n \u0111\u1eb7t h\u00e0ng? H\u00e3y li\u00ean h\u1ec7 v\u1edbi ch\u00fang t\u00f4i c\u00e0ng s\u1edbm c\u00e0ng t\u1ed1t, h\u1ec7 th\u1ed1ng c\u1ee7a ch\u00fang t\u00f4i s\u1ebd ki\u1ec3m tra n\u1ebfu h\u00e0ng c\u1ee7a b\u1ea1n b\u1ecb g\u1eedi nh\u1ea7m. Trong tr\u01b0\u1eddng h\u1ee3p \u0111\u00f3, ch\u00fang t\u00f4i s\u1ebd thay th\u1ebf \u0111\u00fang m\u1eb7t h\u00e0ng b\u1ea1n y\u00eau c\u1ea7u (khi c\u00f3 h\u00e0ng).<\/p><\/div>\n\t\t\t\t<\/div>\n\t\t\t\t\t\t\t<div class=\"elementor-accordion-item\">\n\t\t\t\t\t<div id=\"elementor-tab-title-6722\" class=\"elementor-tab-title\" data-tab=\"2\" role=\"tab\" aria-controls=\"elementor-tab-content-6722\" aria-expanded=\"false\">\n\t\t\t\t\t\t\t\t\t\t\t\t\t<span class=\"elementor-accordion-icon elementor-accordion-icon-left\" aria-hidden=\"true\">\n\t\t\t\t\t\t\t\t\t\t\t\t\t\t\t<span class=\"elementor-accordion-icon-closed\"><i class=\"fas fa-plus\"><\/i><\/span>\n\t\t\t\t\t\t\t\t<span class=\"elementor-accordion-icon-opened\"><i class=\"fas fa-minus\"><\/i><\/span>\n\t\t\t\t\t\t\t\t\t\t\t\t\t\t<\/span>\n\t\t\t\t\t\t\t\t\t\t\t\t<a class=\"elementor-accordion-title\" href=\"\">S\u1ea3n ph\u1ea9m mua r\u1ed3i nh\u01b0ng kh\u00f4ng \u01b0ng \u00fd<\/a>\n\t\t\t\t\t<\/div>\n\t\t\t\t\t<div id=\"elementor-tab-content-6722\" class=\"elementor-tab-content elementor-clearfix\" data-tab=\"2\" role=\"tabpanel\" aria-labelledby=\"elementor-tab-title-6722\"><p>Ng\u01b0\u1eddi mua c\u00f3 th\u1ec3 tr\u1ea3 h\u00e0ng khi kh\u00f4ng v\u1eeba \u00fd trong v\u00f2ng 7 ng\u00e0y k\u1ec3 t\u1eeb ng\u00e0y nh\u1eadn h\u00e0ng,\u00a0<strong><em>BEN<\/em><\/strong>\u00a0s\u1ebd \u0111\u1ed5i s\u1ea3n ph\u1ea9m cho kh\u00e1ch. S\u1ea3n ph\u1ea9m mu\u1ed1n \u0111\u1ed5i ho\u1eb7c tr\u1ea3 y\u00eau c\u1ea7u ph\u1ea3i l\u00e0 s\u1ea3n ph\u1ea9m kh\u00f4ng c\u00f3 d\u1ea5u hi\u1ec7u \u0111\u00e3 qua s\u1eed d\u1ee5ng v\u00e0 c\u00f2n nguy\u00ean tem, m\u00e1c, nguy\u00ean \u0111ai ki\u1ec7n ban \u0111\u1ea7u\u00a0<\/p><\/div>\n\t\t\t\t<\/div>\n\t\t\t\t\t\t\t<div class=\"elementor-accordion-item\">\n\t\t\t\t\t<div id=\"elementor-tab-title-6723\" class=\"elementor-tab-title\" data-tab=\"3\" role=\"tab\" aria-controls=\"elementor-tab-content-6723\" aria-expanded=\"false\">\n\t\t\t\t\t\t\t\t\t\t\t\t\t<span class=\"elementor-accordion-icon elementor-accordion-icon-left\" aria-hidden=\"true\">\n\t\t\t\t\t\t\t\t\t\t\t\t\t\t\t<span class=\"elementor-accordion-icon-closed\"><i class=\"fas fa-plus\"><\/i><\/span>\n\t\t\t\t\t\t\t\t<span class=\"elementor-accordion-icon-opened\"><i class=\"fas fa-minus\"><\/i><\/span>\n\t\t\t\t\t\t\t\t\t\t\t\t\t\t<\/span>\n\t\t\t\t\t\t\t\t\t\t\t\t<a class=\"elementor-accordion-title\" href=\"\">S\u1ea3n ph\u1ea9m mua b\u1ecb l\u1ed7i<\/a>\n\t\t\t\t\t<\/div>\n\t\t\t\t\t<div id=\"elementor-tab-content-6723\" class=\"elementor-tab-content elementor-clearfix\" data-tab=\"3\" role=\"tabpanel\" aria-labelledby=\"elementor-tab-title-6723\"><p>Qu\u00fd kh\u00e1ch vui l\u00f2ng ki\u1ec3m tra s\u1ea3n ph\u1ea9m tr\u01b0\u1edbc khi thanh to\u00e1n. Trong tr\u01b0\u1eddng h\u1ee3p s\u1ea3n ph\u1ea9m b\u1ecb h\u01b0 h\u1ea1i trong qu\u00e1 tr\u00ecnh v\u1eadn chuy\u1ec3n, qu\u00fd kh\u00e1ch vui l\u00f2ng t\u1eeb ch\u1ed1i v\u00e0 g\u1eedi l\u1ea1i s\u1ea3n ph\u1ea9m cho\u00a0<strong><em>BEN<\/em><\/strong>. \u0110\u1ed3ng th\u1eddi th\u00f4ng b\u00e1o cho Trung t\u00e2m h\u1ed7 tr\u1ee3 kh\u00e1ch h\u00e0ng\u00a0<em><strong>0899.179.991<\/strong><\/em>,\u00a0<em><strong>BEN\u00a0<\/strong><\/em>s\u1ebd g\u1eedi cho qu\u00fd kh\u00e1ch m\u1eb7t h\u00e0ng thay th\u1ebf.<\/p><\/div>\n\t\t\t\t<\/div>\n\t\t\t\t\t\t\t\t<\/div>\n\t\t\t\t<\/div>\n\t\t\t\t<\/div>\n\t\t\t\t\t\t<\/div>\n\t\t\t\t\t<\/div>\n\t\t<\/div>\n\t\t\t\t\t\t\t\t<\/div>\n\t\t\t\t\t<\/div>\n\t\t<\/section>\n\t\t\t\t<section class=\"elementor-section elementor-top-section elementor-element elementor-element-7d48aa2 elementor-section-boxed elementor-section-height-default elementor-section-height-default\" data-id=\"7d48aa2\" data-element_type=\"section\">\n\t\t\t\t\t\t<div class=\"elementor-container elementor-column-gap-default\">\n\t\t\t\t\t\t\t<div class=\"elementor-row\">\n\t\t\t\t\t<div class=\"elementor-column elementor-col-100 elementor-top-column elementor-element elementor-element-939db66\" data-id=\"939db66\" data-element_type=\"column\">\n\t\t\t<div class=\"elementor-column-wrap elementor-element-populated\">\n\t\t\t\t\t\t\t<div class=\"elementor-widget-wrap\">\n\t\t\t\t\t\t<div class=\"elementor-element elementor-element-d0829a7 elementor-widget elementor-widget-heading\" data-id=\"d0829a7\" data-element_type=\"widget\" data-widget_type=\"heading.default\">\n\t\t\t\t<div class=\"elementor-widget-container\">\n\t\t\t<h2 class=\"elementor-heading-title elementor-size-default\">\u0110i\u1ec1u ki\u1ec7n \u0111\u1ed5i tr\u1ea3 h\u00e0ng<\/h2>\t\t<\/div>\n\t\t\t\t<\/div>\n\t\t\t\t<div class=\"elementor-element elementor-element-42ca738 elementor-widget elementor-widget-text-editor\" data-id=\"42ca738\" data-element_type=\"widget\" data-widget_type=\"text-editor.default\">\n\t\t\t\t<div class=\"elementor-widget-container\">\n\t\t\t\t\t\t\t\t<div class=\"elementor-text-editor elementor-clearfix\">\n\t\t\t\t\t<p><em>\u0110i\u1ec1u ki\u1ec7n v\u1ec1 th\u1eddi gian \u0111\u1ed5i tr\u1ea3<\/em>: trong v\u00f2ng 7 ng\u00e0y k\u1ec3 t\u1eeb khi nh\u1eadn \u0111\u01b0\u1ee3c h\u00e0ng.<\/p><p><em>\u0110i\u1ec1u ki\u1ec7n v\u1ec1 s\u1ea3n ph\u1ea9m<\/em>:<\/p><p>&#8211; H\u00e0ng h\u00f3a c\u00f2n \u0111\u1ea7y \u0111\u1ee7 c\u00e1c b\u1ed9 ph\u1eadn, kh\u00f4ng c\u00f3 d\u1ea5u hi\u1ec7u s\u1eed d\u1ee5ng qu\u00e1 nhi\u1ec1u ho\u1eb7c h\u1ecfng h\u00f3c.<\/p><p>&#8211; C\u00f3 \u0111\u1ea7y \u0111\u1ee7 c\u00e1c gi\u1ea5y t\u1edd k\u00e8m theo (h\u00f3a \u0111\u01a1n mua h\u00e0ng, catalogue&#8230;) v\u00e0 c\u00e1c linh ki\u1ec7n, t\u1eb7ng ph\u1ea9m k\u00e8m theo (n\u1ebfu c\u00f3).<\/p><p>&#8211; Kh\u00e1ch h\u00e0ng ch\u1ecbu chi ph\u00ed v\u1eadn chuy\u1ec3n cho vi\u1ec7c \u0111\u1ed5i, tr\u1ea3 h\u00e0ng.<\/p><p>&#8211; Tr\u01b0\u1eddng h\u1ee3p kh\u00f4ng \u0111\u1ee7 c\u00e1c \u0111i\u1ec1u ki\u1ec7n tr\u00ean th\u00ec quy\u1ec1n quy\u1ebft \u0111\u1ecbnh \u0111\u1ed5i, tr\u1ea3 h\u00e0ng thu\u1ed9c v\u1ec1\u00a0<strong>BEN COMPUTER<\/strong><\/p>\t\t\t\t\t<\/div>\n\t\t\t\t\t\t<\/div>\n\t\t\t\t<\/div>\n\t\t\t\t\t\t<\/div>\n\t\t\t\t\t<\/div>\n\t\t<\/div>\n\t\t\t\t\t\t\t\t<\/div>\n\t\t\t\t\t<\/div>\n\t\t<\/section>\n\t\t\t\t\t\t<\/div>\n\t\t\t\t\t\t<\/div>\n\t\t\t\t\t<\/div>\n\t\t","protected":false},"excerpt":{"rendered":"<p>C\u00c1C TR\u01af\u1edcNG H\u1ee2P BEN COMPUTER S\u1ebc TH\u1ef0C HI\u1ec6N \u0110\u1ed4I TR\u1ea2 H\u00c0NG S\u1ea3n ph\u1ea9m BEN giao kh\u00f4ng \u0111\u00fang \u0111\u01a1n \u0111\u1eb7t h\u00e0ng B\u1ea1n ngh\u0129 r\u1eb1ng s\u1ea3n ph\u1ea9m giao cho b\u1ea1n kh\u00f4ng \u0111\u00fang v\u1edbi \u0111\u01a1n \u0111\u1eb7t h\u00e0ng? H\u00e3y li\u00ean h\u1ec7 v\u1edbi ch\u00fang t\u00f4i c\u00e0ng s\u1edbm c\u00e0ng t\u1ed1t, h\u1ec7 th\u1ed1ng c\u1ee7a ch\u00fang t\u00f4i s\u1ebd ki\u1ec3m tra n\u1ebfu h\u00e0ng c\u1ee7a [&hellip;]<\/p>\n","protected":false},"author":39,"featured_media":0,"parent":0,"menu_order":0,"comment_status":"closed","ping_status":"closed","template":"elementor_header_footer","meta":{"footnotes":"","_links_to":"","_links_to_target":""},"class_list":["post-5187","page","type-page","status-publish","hentry"],"_links":{"self":[{"href":"https:\/\/ben.com.vn\/tin-tuc\/wp-json\/wp\/v2\/pages\/5187","targetHints":{"allow":["GET"]}}],"collection":[{"href":"https:\/\/ben.com.vn\/tin-tuc\/wp-json\/wp\/v2\/pages"}],"about":[{"href":"https:\/\/ben.com.vn\/tin-tuc\/wp-json\/wp\/v2\/types\/page"}],"author":[{"embeddable":true,"href":"https:\/\/ben.com.vn\/tin-tuc\/wp-json\/wp\/v2\/users\/39"}],"replies":[{"embeddable":true,"href":"https:\/\/ben.com.vn\/tin-tuc\/wp-json\/wp\/v2\/comments?post=5187"}],"version-history":[{"count":0,"href":"https:\/\/ben.com.vn\/tin-tuc\/wp-json\/wp\/v2\/pages\/5187\/revisions"}],"wp:attachment":[{"href":"https:\/\/ben.com.vn\/tin-tuc\/wp-json\/wp\/v2\/media?parent=5187"}],"curies":[{"name":"wp","href":"https:\/\/api.w.org\/{rel}","templated":true}]}}